?
361
What is the greatest common divisor of 109644 and 420?
12
Calculate the highest common factor of 618899 and 778.
389
What is the greatest common factor of 10553 and 1384?
173
What is the greatest common divisor of 76791 and 897?
39
Calculate the greatest common divisor of 165948 and 216.
12
What is the greatest common divisor of 1151 and 2?
1
What is the greatest common divisor of 31329 and 729?
9
What is the greatest common factor of 55426 and 315?
7
Calculate the greatest common factor of 3262 and 6454.
14
What is the highest common factor of 749 and 3820649?
749
Calculate the highest common factor of 20 and 2630380.
20
What is the greatest common divisor of 111754 and 710?
142
What is the greatest common divisor of 172 and 124141?
43
What is the highest common factor of 23058 and 52353?
189
What is the greatest common divisor of 10203 and 361?
19
Calculate the greatest common divisor of 230010 and 102.
102
What is the highest common factor of 28 and 85169?
7
What is the greatest common factor of 6096 and 40767?
381
What is the greatest common factor of 266508 and 12?
12
Calculate the greatest common divisor of 1953 and 20811.
21
What is the highest common factor of 9048 and 1566?
174
What is the greatest common factor of 2665 and 249977?
533
What is the highest common factor of 75 and 1454325?
75
What is the highest common factor of 18063 and 1539?
81
Calculate the highest common divisor of 18 and 4656978.
18
Calculate the greatest common factor of 4986 and 666.
18
What is the highest common divisor of 3832 and 16286?
958
Calculate the highest common factor of 1400 and 3741850.
350
Calculate the greatest common factor of 26268 and 420.
12
Calculate the highest common divisor of 12 and 244164.
12
Calculate the highest common divisor of 23808 and 712752.
1488
Calculate the highest common divisor of 9008 and 32.
16
What is the highest common divisor of 19715 and 25?
5
What is the greatest common factor of 22 and 288695?
11
What is the highest common factor of 40617 and 279?
9
What is the greatest common factor of 2595 and 1230?
15
What is the highest common divisor of 596723 and 9197?
541
Calculate the greatest common factor of 1500 and 249500.
500
Calculate the greatest common factor of 258 and 333379.
43
Calculate the highest common divisor of 308448 and 340.
68
What is the highest common divisor of 730020 and 60?
60
Calculate the highest common factor of 98 and 163492.
14
Calculate the highest common factor of 6439 and 70555.
137
What is the greatest common divisor of 1540 and 7840?
140
Calculate the highest common divisor of 344 and 1634.
86
What is the greatest common divisor of 82 and 219145?
41
What is the greatest common factor of 1560 and 4440?
120
Calculate the highest common factor of 742 and 115328.
106
What is the greatest common divisor of 899 and 7453?
29
What is the highest common factor of 118 and 2540?
2
What is the greatest common factor of 124938 and 90?
18
Calculate the highest common factor of 1450 and 344752.
58
Calculate the greatest common divisor of 705762 and 150.
6
Calculate the greatest common divisor of 225 and 4115025.
225
What is the highest common divisor of 467 and 1283783?
467
What is the highest common factor of 7415 and 3?
1
What is the greatest common factor of 50027 and 38?
19
What is the greatest common factor of 240 and 306640?
80
Calculate the greatest common divisor of 302242 and 2.
2
What is the highest common divisor of 174 and 1821?
3
Calculate the highest common divisor of 1164 and 2134.
194
Calculate the highest common divisor of 37264 and 2603.
137
What is the greatest common factor of 1320 and 79640?
440
Calculate the greatest common divisor of 99 and 13977.
9
What is the greatest common divisor of 15941432 and 1352?
1352
What is the highest common divisor of 101082 and 8874?
102
Calculate the highest common factor of 799 and 2867.
47
What is the greatest common factor of 105620 and 30?
10
Calculate the highest common factor of 2669490 and 45.
45
Calculate the highest common divisor of 4888 and 7384.
104
Calculate the highest common divisor of 8 and 14648.
8
Calculate the greatest common factor of 2485 and 94927.
497
What is the greatest common divisor of 6 and 7341?
3
What is the greatest common factor of 678 and 6240?
6
What is the greatest common factor of 610 and 843935?
305
Calculate the greatest common factor of 20 and 10398120.
20
Calculate the greatest common factor of 171855 and 1340.
335
What is the highest common divisor of 1282814 and 104?
26
What is the greatest common divisor of 252886 and 10?
2
What is the greatest common factor of 1600 and 8286400?
1600
Calculate the greatest common factor of 268462 and 1614.
538
What is the greatest common divisor of 90986 and 29078?
938
Calculate the greatest common divisor of 1104980 and 40.
20
What is the highest common divisor of 3825 and 340?
85
Calculate the highest common divisor of 390761 and 7.
7
Calculate the greatest common divisor of 54 and 444186.
18
Calculate the highest common divisor of 4251 and 325.
13
Calculate the highest common factor of 96 and 342.
6
Calculate the highest common factor of 65923 and 286.
143
Calculate the greatest common factor of 6242232 and 1307.
1307
What is the highest common factor of 1517 and 2419?
41
What is the highest common divisor of 524784 and 87?
87
What is the highest common divisor of 960 and 23880?
120
What is the greatest common factor of 5967327 and 138?
69
What is the highest common divisor of 34931 and 169?
13
What is the highest common divisor of 14 and 160658?
2
What is the highest common factor of 12416 and 12?
4
What is the greatest common divisor of 23 and 60007?
23
Calculate the greatest common factor of 457263 and 329.
47
Calculate the greatest common factor of 72 and 32193.
9
What is the greatest common divisor of 5704 and 55800?
248
Calculate the greatest common factor of 4 and 58076.
4
Calculate the greatest common divisor of 4428 and 432.
108
Calculate the greatest common divisor of 627352 and 66.
22
What is the highest common factor of 13 and 87529?
13
What is the highest common factor of 375 and 101500?
125
What is the greatest common factor of 1837836 and 44?
44
Calculate the greatest common factor of 6382 and 10.
2
What is the highest common divisor of 96 and 55536?
48
What is the highest common divisor of 68 and 73066?
34
Calculate the greatest common factor of 440 and 4224.
88
What is the greatest common divisor of 10544 and 1248?
16
Calculate the greatest common factor of 155 and 1795.
5
Calculate the greatest common divisor of 833 and 4912201.
833
What is the highest common divisor of 162 and 58551?
3
Calculate the highest common factor of 14439 and 21.
3
Calculate the highest common divisor of 18 and 81927.
9
What is the greatest common divisor of 13433 and 30191?
133
Calculate the highest common factor of 72 and 1064.
8
What is the highest common factor of 60198 and 27966?
474
Calculate the highest common factor of 729753 and 1161.
129
What is the greatest common divisor of 13568 and 106?
106
Calculate the greatest common divisor of 69 and 224457.
69
What is the greatest common factor of 118 and 5901298?
118
Calculate the highest common divisor of 29792 and 13720.
392
Calculate the highest common divisor of 13202 and 783633.
943
Calculate the highest common factor of 1044 and 2268.
36
What is the highest common divisor of 752 and 97149?
47
What is the highest common divisor of 179 and 64619?
179
Calculate the highest common factor of 50 and 265975.
25
What is the greatest common factor of 218 and 763981?
109
What is the greatest common factor of 314 and 1429?
1
What is the highest common divisor of 4880 and 21838?
122
Calculate the highest common divisor of 184198 and 22300.
446
Calculate the greatest common divisor of 3178198 and 212.
106
What is the highest common divisor of 374160 and 360?
120
What is the highest common divisor of 154 and 1173095?
77
Calculate the highest common divisor of 156513 and 2436.
609
Calculate the greatest common divisor of 92055 and 149815.
1805
Calculate the greatest common factor of 968 and 4504.
8
Calculate the greatest common factor of 423 and 1629.
9
What is the highest common divisor of 52 and 497?
1
What is the greatest